ctors of 1669.
1669
List the prime factors of 1419.
3, 11, 43
List the prime factors of 5911.
23, 257
What are the prime factors of 54920?
2, 5, 1373
What are the prime factors of 36910?
2, 5, 3691
List the prime factors of 100717.
23, 29, 151
What are the prime factors of 1671?
3, 557
What are the prime factors of 70840?
2, 5, 7, 11, 23
What are the prime factors of 24570?
2, 3, 5, 7, 13
What are the prime factors of 30706?
2, 13, 1181
What are the prime factors of 6340?
2, 5, 317
What are the prime factors of 5518?
2, 31, 89
List the prime factors of 935.
5, 11, 17
List the prime factors of 5153.
5153
What are the prime factors of 1688?
2, 211
List the prime factors of 29.
29
What are the prime factors of 2358?
2, 3, 131
What are the prime factors of 20663?
20663
What are the prime factors of 1526?
2, 7, 109
List the prime factors of 2866.
2, 1433
List the prime factors of 1633.
23, 71
What are the prime factors of 3876?
2, 3, 17, 19
What are the prime factors of 22999?
109, 211
List the prime factors of 3375.
3, 5
What are the prime factors of 31323?
3, 53, 197
List the prime factors of 11929.
79, 151
List the prime factors of 19442.
2, 9721
List the prime factors of 9030.
2, 3, 5, 7, 43
List the prime factors of 6026.
2, 23, 131
What are the prime factors of 6427?
6427
List the prime factors of 936.
2, 3, 13
What are the prime factors of 55099?
11, 5009
List the prime factors of 39580.
2, 5, 1979
What are the prime factors of 24391?
24391
What are the prime factors of 678?
2, 3, 113
What are the prime factors of 1360?
2, 5, 17
What are the prime factors of 83962?
2, 41981
List the prime factors of 1074.
2, 3, 179
List the prime factors of 3774.
2, 3, 17, 37
What are the prime factors of 110391?
3, 31, 1187
What are the prime factors of 39621?
3, 47, 281
List the prime factors of 64319.
64319
What are the prime factors of 40845?
3, 5, 7, 389
What are the prime factors of 2781?
3, 103
What are the prime factors of 3306?
2, 3, 19, 29
List the prime factors of 60061.
17, 3533
What are the prime factors of 63573?
3, 21191
What are the prime factors of 43135?
5, 8627
List the prime factors of 108882.
2, 3, 23, 263
What are the prime factors of 13724?
2, 47, 73
List the prime factors of 119136.
2, 3, 17, 73
List the prime factors of 8034.
2, 3, 13, 103
List the prime factors of 461.
461
What are the prime factors of 35579?
47, 757
What are the prime factors of 6983?
6983
List the prime factors of 1167.
3, 389
What are the prime factors of 2953?
2953
List the prime factors of 3038.
2, 7, 31
What are the prime factors of 33350?
2, 5, 23, 29
List the prime factors of 1746.
2, 3, 97
List the prime factors of 20112.
2, 3, 419
What are the prime factors of 3534?
2, 3, 19, 31
List the prime factors of 16397.
19, 863
List the prime factors of 18994.
2, 9497
What are the prime factors of 64957?
17, 3821
List the prime factors of 617.
617
What are the prime factors of 11290?
2, 5, 1129
List the prime factors of 6856.
2, 857
What are the prime factors of 1445?
5, 17
List the prime factors of 31487.
23, 37
List the prime factors of 23722.
2, 29, 409
List the prime factors of 1611.
3, 179
List the prime factors of 158.
2, 79
List the prime factors of 56165.
5, 47, 239
List the prime factors of 4212.
2, 3, 13
What are the prime factors of 1713?
3, 571
What are the prime factors of 33705?
3, 5, 7, 107
List the prime factors of 18212.
2, 29, 157
What are the prime factors of 614?
2, 307
List the prime factors of 220.
2, 5, 11
List the prime factors of 199660.
2, 5, 67, 149
List the prime factors of 982.
2, 491
What are the prime factors of 9483?
3, 29, 109
What are the prime factors of 15560?
2, 5, 389
What are the prime factors of 17972?
2, 4493
List the prime factors of 8389.
8389
List the prime factors of 988.
2, 13, 19
List the prime factors of 9849.
3, 7, 67
What are the prime factors of 12189?
3, 17, 239
What are the prime factors of 1213?
1213
List the prime factors of 1239.
3, 7, 59
What are the prime factors of 9092?
2, 2273
What are the prime factors of 3395?
5, 7, 97
List the prime factors of 21141.
3, 29
List the prime factors of 234.
2, 3, 13
What are the prime factors of 2361?
3, 787
What are the prime factors of 48998?
2, 24499
List the prime factors of 36142.
2, 17, 1063
What are the prime factors of 9266?
2, 41, 113
What are the prime factors of 27132?
2, 3, 7, 17, 19
List the prime factors of 507.
3, 13
List the prime factors of 1709.
1709
List the prime factors of 3775.
5, 151
List the prime factors of 611.
13, 47
What are the prime factors of 179?
179
What are the prime factors of 36625?
5, 293
What are the prime factors of 2322?
2, 3, 43
List the prime factors of 44302.
2, 17, 1303
List the prime factors of 6082.
2, 3041
What are the prime factors of 1518?
2, 3, 11, 23
List the prime factors of 7575.
3, 5, 101
List the prime factors of 4654.
2, 13, 179
What are the prime factors of 39458?
2, 109, 181
What are the prime factors of 4961?
11, 41
List the prime factors of 1699.
1699
List the prime factors of 509.
509
List the prime factors of 101028.
2, 3, 8419
What are the prime factors of 158857?
67, 2371
List the prime factors of 2852.
2, 23, 31
What are the prime factors of 3321?
3, 41
What are the prime factors of 158?
2, 79
List the prime factors of 2191.
7, 313
What are the prime factors of 3075?
3, 5, 41
List the prime factors of 42608.
2, 2663
List the prime factors of 123.
3, 41
List the prime factors of 76.
2, 19
List the prime factors of 108412.
2, 27103
What are the prime factors of 1995?
3, 5, 7, 19
What are the prime factors of 7598?
2, 29, 131
What are the prime factors of 20253?
3, 43, 157
List the prime factors of 18319.
7, 2617
What are the prime factors of 2975?
5, 7, 17
What are the prime factors of 58421?
11, 47, 113
List the prime factors of 5652.
2, 3, 157
What are the prime factors of 498?
2, 3, 83
List the prime factors of 59068.
2, 14767
What are the prime factors of 1217?
1217
List the prime factors of 91.
7, 13
List the prime factors of 5839.
5839
List the prime factors of 934.
2, 467
List the prime factors of 2941.
17, 173
What are the prime factors of 75726?
2, 3, 7, 601
What are the prime factors of 1565?
5, 313
What are the prime factors of 5878?
2, 2939
List the prime factors of 38851.
38851
What are the prime factors of 63?
3, 7
What are the prime factors of 3924?
2, 3, 109
List the prime factors of 192942.
2, 3, 397
What are the prime factors of 178796?
2, 44699
What are the prime factors of 5979?
3, 1993
List the prime factors of 50798.
2, 11, 2309
List the prime factors of 85822.
2, 11, 47, 83
List the prime factors of 359.
359
List the prime factors of 3698.
2, 43
List the prime factors of 10009.
10009
List the prime factors of 115323.
3, 13, 2957
List the prime factors of 2773.
47, 59
List the prime factors of 2595.
3, 5, 173
List the prime factors of 352.
2, 11
List the prime factors of 1213.
1213
List the prime factors of 1949.
1949
What are the prime factors of 3034?
2, 37, 41
What are the prime factors of 1364?
2, 11, 31
List the prime factors of 16255.
5, 3251
What are the prime factors of 10262?
2, 7, 733
List the prime factors of 20824.
2, 19, 137
List the prime factors of 593.
593
What are the prime factors of 15112?
2, 1889
What are the prime factors of 7419?
3, 2473
List the prime factors of 2037.
3, 7, 97
List the prime factors of 1490.
2, 5, 149
List the prime factors of 6651.
3, 739
What are the prime factors of 1237?
1237
List the prime factors of 400.
2, 5
What are the prime factors of 457?
457
List the prime factors of 40684.
2, 7, 1453
What are the prime factors of 978?
2, 3, 163
List the prime factors of 1991.
11, 181
What are the prime factors of 1380?
2, 3, 5, 23
List the prime factors of 1160.
2, 5, 29
What are the prime factors of 46353?
3, 15451
What are the prime factors of 59061?
3, 19687
List the prime factors of 137275.
5, 17, 19
What are the prime factors of 13761?
3, 11, 139
List the prime factors of 10093.
10093
List the prime factors of 28683.
3, 3187
List the prime factors of 4178.
2, 2089
What are the prime factors of 250?
2, 5
List the prime factors of 1773.
3, 197
What are the prime factors of 153?
3, 17
List the prime factors of 111921.
3, 37307
List the prime facto